{"id":2045,"date":"2023-10-21T20:07:05","date_gmt":"2023-10-21T20:07:05","guid":{"rendered":"https:\/\/isabelbertelotpeintre.com\/?page_id=2045"},"modified":"2023-10-24T21:27:59","modified_gmt":"2023-10-24T21:27:59","slug":"la-belle-la-bete","status":"publish","type":"page","link":"https:\/\/isabelbertelotpeintre.com\/?page_id=2045","title":{"rendered":"La Belle &#038; la B\u00eate"},"content":{"rendered":"\t\t<div data-elementor-type=\"wp-page\" data-elementor-id=\"2045\" class=\"elementor elementor-2045\" data-elementor-post-type=\"page\">\n\t\t\t\t\t\t<section class=\"elementor-section elementor-top-section elementor-element elementor-element-03357fa elementor-section-boxed elementor-section-height-default elementor-section-height-default\" data-id=\"03357fa\" data-element_type=\"section\" data-e-type=\"section\">\n\t\t\t\t\t\t<div class=\"elementor-container elementor-column-gap-default\">\n\t\t\t\t\t<div class=\"elementor-column elementor-col-100 elementor-top-column elementor-element elementor-element-44eaaea\" data-id=\"44eaaea\" data-element_type=\"column\" data-e-type=\"column\">\n\t\t\t<div class=\"elementor-widget-wrap elementor-element-populated\">\n\t\t\t\t\t\t<div class=\"elementor-element elementor-element-7b5d3b5 elementor-widget elementor-widget-text-editor\" data-id=\"7b5d3b5\" data-element_type=\"widget\" data-e-type=\"widget\" data-widget_type=\"text-editor.default\">\n\t\t\t\t<div class=\"elementor-widget-container\">\n\t\t\t\t\t\t\t\t\t<div class=\"gmail_default\"><b>Quel conte plus intemporel, f\u00e9\u00e9rique, effrayant, surr\u00e9aliste, intemporel, troublant, symbolique et essentiel,\u00a0<\/b><b>que la Belle &amp; la B\u00eate ?\u00a0<\/b><\/div><div class=\"gmail_default\">Un bijou de la litt\u00e9rature gothique fran\u00e7aise, issu de la plume de Madame de Beaumont au 18\u00e8me si\u00e8cle, repris et mis en sc\u00e8ne \u00e0 maintes reprises, incarn\u00e9 merveilleusement par le po\u00e8te et cin\u00e9aste Jean Cocteau, qui a marqu\u00e9 pour toujours les esprits, petits et grands, avec le beau et terrifiant mufle de la B\u00eate, \u00e0 jamais inscrit dans nos m\u00e9moires incarn\u00e9 par l&#8217;immortel Jean Marais &#8230;<\/div>\t\t\t\t\t\t\t\t<\/div>\n\t\t\t\t<\/div>\n\t\t\t\t\t<\/div>\n\t\t<\/div>\n\t\t\t\t\t<\/div>\n\t\t<\/section>\n\t\t\t\t<section class=\"elementor-section elementor-top-section elementor-element elementor-element-dd51fb9 elementor-section-boxed elementor-section-height-default elementor-section-height-default\" data-id=\"dd51fb9\" data-element_type=\"section\" data-e-type=\"section\">\n\t\t\t\t\t\t<div class=\"elementor-container elementor-column-gap-default\">\n\t\t\t\t\t<div class=\"elementor-column elementor-col-100 elementor-top-column elementor-element elementor-element-ad36b55\" data-id=\"ad36b55\" data-element_type=\"column\" data-e-type=\"column\">\n\t\t\t<div class=\"elementor-widget-wrap elementor-element-populated\">\n\t\t\t\t\t\t<div class=\"elementor-element elementor-element-396ca6a elementor-widget elementor-widget-image\" data-id=\"396ca6a\" data-element_type=\"widget\" data-e-type=\"widget\" data-widget_type=\"image.default\">\n\t\t\t\t<div class=\"elementor-widget-container\">\n\t\t\t\t\t\t\t\t\t\t\t\t\t\t\t<img fetchpriority=\"high\" decoding=\"async\" width=\"950\" height=\"950\" src=\"https:\/\/isabelbertelotpeintre.com\/wp-content\/uploads\/2023\/10\/captation-video-B-image-film-25x25300--1024x1024.jpg\" class=\"attachment-large size-large wp-image-1642\" alt=\"\" srcset=\"https:\/\/isabelbertelotpeintre.com\/wp-content\/uploads\/2023\/10\/captation-video-B-image-film-25x25300--1024x1024.jpg 1024w, https:\/\/isabelbertelotpeintre.com\/wp-content\/uploads\/2023\/10\/captation-video-B-image-film-25x25300--300x300.jpg 300w, https:\/\/isabelbertelotpeintre.com\/wp-content\/uploads\/2023\/10\/captation-video-B-image-film-25x25300--150x150.jpg 150w, https:\/\/isabelbertelotpeintre.com\/wp-content\/uploads\/2023\/10\/captation-video-B-image-film-25x25300--768x768.jpg 768w, https:\/\/isabelbertelotpeintre.com\/wp-content\/uploads\/2023\/10\/captation-video-B-image-film-25x25300--1536x1536.jpg 1536w, https:\/\/isabelbertelotpeintre.com\/wp-content\/uploads\/2023\/10\/captation-video-B-image-film-25x25300--2048x2048.jpg 2048w, https:\/\/isabelbertelotpeintre.com\/wp-content\/uploads\/2023\/10\/captation-video-B-image-film-25x25300--2000x2000.jpg 2000w\" sizes=\"100vw\" \/>\t\t\t\t\t\t\t\t\t\t\t\t\t\t\t<\/div>\n\t\t\t\t<\/div>\n\t\t\t\t\t<\/div>\n\t\t<\/div>\n\t\t\t\t\t<\/div>\n\t\t<\/section>\n\t\t\t\t<section class=\"elementor-section elementor-top-section elementor-element elementor-element-627c74b elementor-section-boxed elementor-section-height-default elementor-section-height-default\" data-id=\"627c74b\" data-element_type=\"section\" data-e-type=\"section\">\n\t\t\t\t\t\t<div class=\"elementor-container elementor-column-gap-default\">\n\t\t\t\t\t<div class=\"elementor-column elementor-col-100 elementor-top-column elementor-element elementor-element-ddd602e\" data-id=\"ddd602e\" data-element_type=\"column\" data-e-type=\"column\">\n\t\t\t<div class=\"elementor-widget-wrap elementor-element-populated\">\n\t\t\t\t\t\t<div class=\"elementor-element elementor-element-7f84b63 elementor-widget elementor-widget-text-editor\" data-id=\"7f84b63\" data-element_type=\"widget\" data-e-type=\"widget\" data-widget_type=\"text-editor.default\">\n\t\t\t\t<div class=\"elementor-widget-container\">\n\t\t\t\t\t\t\t\t\t<div><span style=\"font-family: arial, helvetica, sans-serif;\"><strong>En hommage au soixanti\u00e8me anniversaire de la mort de Jean Cocteau, au mois de d\u00e9cembre \u00e0 Paris : <\/strong>\u00a0<\/span><\/div><div><span style=\"color: #222222; font-family: arial, helvetica, sans-serif;\"><span style=\"caret-color: #222222;\"><b>Une exposition d&#8217;Arts Visuels collective et multim\u00e9dias \u00e0 la Piscine Jos\u00e9phine Baker, dans le XIII\u00e8me<\/b><\/span><\/span><\/div><div><span style=\"font-family: arial, helvetica, sans-serif; caret-color: #222222; color: #222222; font-size: large;\">Peinture, Photographie, Dessin, image Digitale, Sculpture, Vid\u00e9o, Projection en Mapping interactif, Artefacts, etc &#8230;.<\/span><\/div>\t\t\t\t\t\t\t\t<\/div>\n\t\t\t\t<\/div>\n\t\t\t\t\t<\/div>\n\t\t<\/div>\n\t\t\t\t\t<\/div>\n\t\t<\/section>\n\t\t\t\t<section class=\"elementor-section elementor-top-section elementor-element elementor-element-26a6733 elementor-section-boxed elementor-section-height-default elementor-section-height-default\" data-id=\"26a6733\" data-element_type=\"section\" data-e-type=\"section\">\n\t\t\t\t\t\t<div class=\"elementor-container elementor-column-gap-default\">\n\t\t\t\t\t<div class=\"elementor-column elementor-col-50 elementor-top-column elementor-element elementor-element-54ec1b4\" data-id=\"54ec1b4\" data-element_type=\"column\" data-e-type=\"column\">\n\t\t\t<div class=\"elementor-widget-wrap elementor-element-populated\">\n\t\t\t\t\t\t<div class=\"elementor-element elementor-element-4cc595b elementor-widget elementor-widget-image\" data-id=\"4cc595b\" data-element_type=\"widget\" data-e-type=\"widget\" data-widget_type=\"image.default\">\n\t\t\t\t<div class=\"elementor-widget-container\">\n\t\t\t\t\t\t\t\t\t\t\t\t\t\t\t<img decoding=\"async\" width=\"950\" height=\"751\" src=\"https:\/\/isabelbertelotpeintre.com\/wp-content\/uploads\/2023\/10\/captation-video-image-film-1024x810.jpg\" class=\"attachment-large size-large wp-image-2067\" alt=\"\" srcset=\"https:\/\/isabelbertelotpeintre.com\/wp-content\/uploads\/2023\/10\/captation-video-image-film-1024x810.jpg 1024w, https:\/\/isabelbertelotpeintre.com\/wp-content\/uploads\/2023\/10\/captation-video-image-film-300x237.jpg 300w, https:\/\/isabelbertelotpeintre.com\/wp-content\/uploads\/2023\/10\/captation-video-image-film-768x608.jpg 768w, https:\/\/isabelbertelotpeintre.com\/wp-content\/uploads\/2023\/10\/captation-video-image-film-1536x1215.jpg 1536w, https:\/\/isabelbertelotpeintre.com\/wp-content\/uploads\/2023\/10\/captation-video-image-film.jpg 1911w\" sizes=\"100vw\" \/>\t\t\t\t\t\t\t\t\t\t\t\t\t\t\t<\/div>\n\t\t\t\t<\/div>\n\t\t\t\t\t<\/div>\n\t\t<\/div>\n\t\t\t\t<div class=\"elementor-column elementor-col-50 elementor-top-column elementor-element elementor-element-f81f6e0\" data-id=\"f81f6e0\" data-element_type=\"column\" data-e-type=\"column\">\n\t\t\t<div class=\"elementor-widget-wrap elementor-element-populated\">\n\t\t\t\t\t\t<div class=\"elementor-element elementor-element-a4c4e4c elementor-widget elementor-widget-image\" data-id=\"a4c4e4c\" data-element_type=\"widget\" data-e-type=\"widget\" data-widget_type=\"image.default\">\n\t\t\t\t<div class=\"elementor-widget-container\">\n\t\t\t\t\t\t\t\t\t\t\t\t\t\t\t<img decoding=\"async\" width=\"950\" height=\"738\" src=\"https:\/\/isabelbertelotpeintre.com\/wp-content\/uploads\/2023\/10\/decor-exterieur-1024x796.jpg\" class=\"attachment-large size-large wp-image-2069\" alt=\"\" srcset=\"https:\/\/isabelbertelotpeintre.com\/wp-content\/uploads\/2023\/10\/decor-exterieur-1024x796.jpg 1024w, https:\/\/isabelbertelotpeintre.com\/wp-content\/uploads\/2023\/10\/decor-exterieur-300x233.jpg 300w, https:\/\/isabelbertelotpeintre.com\/wp-content\/uploads\/2023\/10\/decor-exterieur-768x597.jpg 768w, https:\/\/isabelbertelotpeintre.com\/wp-content\/uploads\/2023\/10\/decor-exterieur-1536x1193.jpg 1536w, https:\/\/isabelbertelotpeintre.com\/wp-content\/uploads\/2023\/10\/decor-exterieur-2000x1554.jpg 2000w, https:\/\/isabelbertelotpeintre.com\/wp-content\/uploads\/2023\/10\/decor-exterieur.jpg 2048w\" sizes=\"100vw\" \/>\t\t\t\t\t\t\t\t\t\t\t\t\t\t\t<\/div>\n\t\t\t\t<\/div>\n\t\t\t\t\t<\/div>\n\t\t<\/div>\n\t\t\t\t\t<\/div>\n\t\t<\/section>\n\t\t\t\t<section class=\"elementor-section elementor-top-section elementor-element elementor-element-d54b8c1 elementor-section-boxed elementor-section-height-default elementor-section-height-default\" data-id=\"d54b8c1\" data-element_type=\"section\" data-e-type=\"section\">\n\t\t\t\t\t\t<div class=\"elementor-container elementor-column-gap-default\">\n\t\t\t\t\t<div class=\"elementor-column elementor-col-100 elementor-top-column elementor-element elementor-element-4dac211\" data-id=\"4dac211\" data-element_type=\"column\" data-e-type=\"column\">\n\t\t\t<div class=\"elementor-widget-wrap elementor-element-populated\">\n\t\t\t\t\t\t<div class=\"elementor-element elementor-element-1d84181 elementor-widget elementor-widget-text-editor\" data-id=\"1d84181\" data-element_type=\"widget\" data-e-type=\"widget\" data-widget_type=\"text-editor.default\">\n\t\t\t\t<div class=\"elementor-widget-container\">\n\t\t\t\t\t\t\t\t\t<div class=\"gmail_default\"><em>&#8221; Relatant, mettant en sc\u00e8ne, nous questionnant, sur l&#8217;ambivalence entre la Bestialit\u00e9 et l&#8217;Humanit\u00e9, l&#8217;Amour et la Pr\u00e9dation, le pouvoir alchimique de l&#8217;Amour f\u00e9minin sur la Brute \u00e0 l&#8217;\u00e9tat sauvage, et toutes les m\u00e9taphores et m\u00e9tamorphoses possibles du Merveilleux fantastique et de son univers baroque et enchant\u00e9 ?<\/em><\/div><div class=\"gmail_default\"><em>O\u00f9 se situe la limite fragile entre la Belle et la B\u00eate, l&#8217;humain, sous la monstruosit\u00e9 apparente ?<\/em><\/div><div class=\"gmail_default\"><em>Tout ce qui se r\u00e9v\u00e8le \u00e0 travers l&#8217;\u00e9toffe chatoyante de la Litt\u00e9rature, les Contes de F\u00e9e et les Mythes, contr\u00e9es privil\u00e9gi\u00e9es, o\u00f9 le l\u00e9gendaire, l&#8217;irrationnel, l&#8217;extraordinaire, la magie, l&#8217;occulte, le surnaturel, et tant d&#8217;autres chim\u00e8res, fictions troubles et de multivers possibles et imaginables (voire, inimaginables), peuvent y d\u00e9ployer leur ailes, nous entra\u00eener vers les mille ailleurs f\u00e9\u00e9riques du pays de l&#8217;Enfance et des songes ? \u00a0&#8230;.\u00a0<\/em><\/div>\t\t\t\t\t\t\t\t<\/div>\n\t\t\t\t<\/div>\n\t\t\t\t\t<\/div>\n\t\t<\/div>\n\t\t\t\t\t<\/div>\n\t\t<\/section>\n\t\t\t\t<section class=\"elementor-section elementor-top-section elementor-element elementor-element-97dfa4f elementor-section-boxed elementor-section-height-default elementor-section-height-default\" data-id=\"97dfa4f\" data-element_type=\"section\" data-e-type=\"section\">\n\t\t\t\t\t\t<div class=\"elementor-container elementor-column-gap-default\">\n\t\t\t\t\t<div class=\"elementor-column elementor-col-100 elementor-top-column elementor-element elementor-element-7f75b87\" data-id=\"7f75b87\" data-element_type=\"column\" data-e-type=\"column\">\n\t\t\t<div class=\"elementor-widget-wrap elementor-element-populated\">\n\t\t\t\t\t\t<div class=\"elementor-element elementor-element-081cfff elementor-widget elementor-widget-image\" data-id=\"081cfff\" data-element_type=\"widget\" data-e-type=\"widget\" data-widget_type=\"image.default\">\n\t\t\t\t<div class=\"elementor-widget-container\">\n\t\t\t\t\t\t\t\t\t\t\t\t\t\t\t<img loading=\"lazy\" decoding=\"async\" width=\"950\" height=\"730\" src=\"https:\/\/isabelbertelotpeintre.com\/wp-content\/uploads\/2023\/10\/thumb_IMG_1453_1024-10x15200-1.jpg\" class=\"attachment-large size-large wp-image-2074\" alt=\"\" srcset=\"https:\/\/isabelbertelotpeintre.com\/wp-content\/uploads\/2023\/10\/thumb_IMG_1453_1024-10x15200-1.jpg 1024w, https:\/\/isabelbertelotpeintre.com\/wp-content\/uploads\/2023\/10\/thumb_IMG_1453_1024-10x15200-1-300x231.jpg 300w, https:\/\/isabelbertelotpeintre.com\/wp-content\/uploads\/2023\/10\/thumb_IMG_1453_1024-10x15200-1-768x590.jpg 768w\" sizes=\"100vw\" \/>\t\t\t\t\t\t\t\t\t\t\t\t\t\t\t<\/div>\n\t\t\t\t<\/div>\n\t\t\t\t\t<\/div>\n\t\t<\/div>\n\t\t\t\t\t<\/div>\n\t\t<\/section>\n\t\t\t\t<section class=\"elementor-section elementor-top-section elementor-element elementor-element-4730db4 elementor-section-boxed elementor-section-height-default elementor-section-height-default\" data-id=\"4730db4\" data-element_type=\"section\" data-e-type=\"section\">\n\t\t\t\t\t\t<div class=\"elementor-container elementor-column-gap-default\">\n\t\t\t\t\t<div class=\"elementor-column elementor-col-100 elementor-top-column elementor-element elementor-element-a3cb7e3\" data-id=\"a3cb7e3\" data-element_type=\"column\" data-e-type=\"column\">\n\t\t\t<div class=\"elementor-widget-wrap elementor-element-populated\">\n\t\t\t\t\t\t<div class=\"elementor-element elementor-element-3b5a117 elementor-widget elementor-widget-image\" data-id=\"3b5a117\" data-element_type=\"widget\" data-e-type=\"widget\" data-widget_type=\"image.default\">\n\t\t\t\t<div class=\"elementor-widget-container\">\n\t\t\t\t\t\t\t\t\t\t\t\t\t\t\t<img loading=\"lazy\" decoding=\"async\" width=\"950\" height=\"713\" src=\"https:\/\/isabelbertelotpeintre.com\/wp-content\/uploads\/2023\/10\/thumb_IMG_1468_1024-neg.jpg\" class=\"attachment-large size-large wp-image-2070\" alt=\"\" srcset=\"https:\/\/isabelbertelotpeintre.com\/wp-content\/uploads\/2023\/10\/thumb_IMG_1468_1024-neg.jpg 1024w, https:\/\/isabelbertelotpeintre.com\/wp-content\/uploads\/2023\/10\/thumb_IMG_1468_1024-neg-300x225.jpg 300w, https:\/\/isabelbertelotpeintre.com\/wp-content\/uploads\/2023\/10\/thumb_IMG_1468_1024-neg-768x576.jpg 768w\" sizes=\"100vw\" \/>\t\t\t\t\t\t\t\t\t\t\t\t\t\t\t<\/div>\n\t\t\t\t<\/div>\n\t\t\t\t\t<\/div>\n\t\t<\/div>\n\t\t\t\t\t<\/div>\n\t\t<\/section>\n\t\t\t\t<section class=\"elementor-section elementor-top-section elementor-element elementor-element-3e56ef1 elementor-section-boxed elementor-section-height-default elementor-section-height-default\" data-id=\"3e56ef1\" data-element_type=\"section\" data-e-type=\"section\">\n\t\t\t\t\t\t<div class=\"elementor-container elementor-column-gap-default\">\n\t\t\t\t\t<div class=\"elementor-column elementor-col-100 elementor-top-column elementor-element elementor-element-120194e\" data-id=\"120194e\" data-element_type=\"column\" data-e-type=\"column\">\n\t\t\t<div class=\"elementor-widget-wrap elementor-element-populated\">\n\t\t\t\t\t\t<div class=\"elementor-element elementor-element-4e32816 elementor-widget elementor-widget-text-editor\" data-id=\"4e32816\" data-element_type=\"widget\" data-e-type=\"widget\" data-widget_type=\"text-editor.default\">\n\t\t\t\t<div class=\"elementor-widget-container\">\n\t\t\t\t\t\t\t\t\t<div class=\"gmail_default\" style=\"caret-color: #222222; color: #222222; font-family: Arial, Helvetica, sans-serif; font-size: large;\"><em>Ou planter leur griffes terrifiantes, dans les m\u00e9andres insondables de la psych\u00e9e humaine, explorant les myst\u00e8res de l&#8217;au-del\u00e0 et de l&#8217;en-dedans ? &#8221;\u00a0<\/em><\/div><div class=\"gmail_default\" style=\"caret-color: #222222; color: #222222; font-family: Arial, Helvetica, sans-serif; font-size: large;\"><strong>Il \u00e9tait une fois &#8230;<\/strong><\/div>\t\t\t\t\t\t\t\t<\/div>\n\t\t\t\t<\/div>\n\t\t\t\t\t<\/div>\n\t\t<\/div>\n\t\t\t\t\t<\/div>\n\t\t<\/section>\n\t\t\t\t<section class=\"elementor-section elementor-top-section elementor-element elementor-element-957584d elementor-section-boxed elementor-section-height-default elementor-section-height-default\" data-id=\"957584d\" data-element_type=\"section\" data-e-type=\"section\">\n\t\t\t\t\t\t<div class=\"elementor-container elementor-column-gap-default\">\n\t\t\t\t\t<div class=\"elementor-column elementor-col-50 elementor-top-column elementor-element elementor-element-8cf94b2\" data-id=\"8cf94b2\" data-element_type=\"column\" data-e-type=\"column\">\n\t\t\t<div class=\"elementor-widget-wrap elementor-element-populated\">\n\t\t\t\t\t\t<div class=\"elementor-element elementor-element-6cc1fa9 elementor-widget elementor-widget-image\" data-id=\"6cc1fa9\" data-element_type=\"widget\" data-e-type=\"widget\" data-widget_type=\"image.default\">\n\t\t\t\t<div class=\"elementor-widget-container\">\n\t\t\t\t\t\t\t\t\t\t\t\t\t\t\t<img loading=\"lazy\" decoding=\"async\" width=\"880\" height=\"840\" src=\"https:\/\/isabelbertelotpeintre.com\/wp-content\/uploads\/2023\/10\/C-343597157_549606260661388_6533382651055676904_n.jpg\" class=\"attachment-large size-large wp-image-2072\" alt=\"\" srcset=\"https:\/\/isabelbertelotpeintre.com\/wp-content\/uploads\/2023\/10\/C-343597157_549606260661388_6533382651055676904_n.jpg 880w, https:\/\/isabelbertelotpeintre.com\/wp-content\/uploads\/2023\/10\/C-343597157_549606260661388_6533382651055676904_n-300x286.jpg 300w, https:\/\/isabelbertelotpeintre.com\/wp-content\/uploads\/2023\/10\/C-343597157_549606260661388_6533382651055676904_n-768x733.jpg 768w\" sizes=\"100vw\" \/>\t\t\t\t\t\t\t\t\t\t\t\t\t\t\t<\/div>\n\t\t\t\t<\/div>\n\t\t\t\t\t<\/div>\n\t\t<\/div>\n\t\t\t\t<div class=\"elementor-column elementor-col-50 elementor-top-column elementor-element elementor-element-24fae8b\" data-id=\"24fae8b\" data-element_type=\"column\" data-e-type=\"column\">\n\t\t\t<div class=\"elementor-widget-wrap elementor-element-populated\">\n\t\t\t\t\t\t<div class=\"elementor-element elementor-element-14198f7 elementor-widget elementor-widget-image\" data-id=\"14198f7\" data-element_type=\"widget\" data-e-type=\"widget\" data-widget_type=\"image.default\">\n\t\t\t\t<div class=\"elementor-widget-container\">\n\t\t\t\t\t\t\t\t\t\t\t\t\t\t\t<img loading=\"lazy\" decoding=\"async\" width=\"787\" height=\"591\" src=\"https:\/\/isabelbertelotpeintre.com\/wp-content\/uploads\/2023\/10\/10-x-7thumb_IMG_1447_1024-1-2.jpg\" class=\"attachment-large size-large wp-image-2097\" alt=\"\" srcset=\"https:\/\/isabelbertelotpeintre.com\/wp-content\/uploads\/2023\/10\/10-x-7thumb_IMG_1447_1024-1-2.jpg 787w, https:\/\/isabelbertelotpeintre.com\/wp-content\/uploads\/2023\/10\/10-x-7thumb_IMG_1447_1024-1-2-300x225.jpg 300w, https:\/\/isabelbertelotpeintre.com\/wp-content\/uploads\/2023\/10\/10-x-7thumb_IMG_1447_1024-1-2-768x577.jpg 768w\" sizes=\"100vw\" \/>\t\t\t\t\t\t\t\t\t\t\t\t\t\t\t<\/div>\n\t\t\t\t<\/div>\n\t\t\t\t\t<\/div>\n\t\t<\/div>\n\t\t\t\t\t<\/div>\n\t\t<\/section>\n\t\t\t\t<section class=\"elementor-section elementor-top-section elementor-element elementor-element-6e6a356 elementor-section-boxed elementor-section-height-default elementor-section-height-default\" data-id=\"6e6a356\" data-element_type=\"section\" data-e-type=\"section\">\n\t\t\t\t\t\t<div class=\"elementor-container elementor-column-gap-default\">\n\t\t\t\t\t<div class=\"elementor-column elementor-col-100 elementor-top-column elementor-element elementor-element-fcb32d4\" data-id=\"fcb32d4\" data-element_type=\"column\" data-e-type=\"column\">\n\t\t\t<div class=\"elementor-widget-wrap elementor-element-populated\">\n\t\t\t\t\t\t<div class=\"elementor-element elementor-element-e6835c9 elementor-widget elementor-widget-image\" data-id=\"e6835c9\" data-element_type=\"widget\" data-e-type=\"widget\" data-widget_type=\"image.default\">\n\t\t\t\t<div class=\"elementor-widget-container\">\n\t\t\t\t\t\t\t\t\t\t\t\t\t\t\t<img loading=\"lazy\" decoding=\"async\" width=\"950\" height=\"713\" src=\"https:\/\/isabelbertelotpeintre.com\/wp-content\/uploads\/2023\/10\/thumb_IMG_1425_1024.jpg\" class=\"attachment-large size-large wp-image-2118\" alt=\"\" srcset=\"https:\/\/isabelbertelotpeintre.com\/wp-content\/uploads\/2023\/10\/thumb_IMG_1425_1024.jpg 1024w, https:\/\/isabelbertelotpeintre.com\/wp-content\/uploads\/2023\/10\/thumb_IMG_1425_1024-300x225.jpg 300w, https:\/\/isabelbertelotpeintre.com\/wp-content\/uploads\/2023\/10\/thumb_IMG_1425_1024-768x576.jpg 768w\" sizes=\"100vw\" \/>\t\t\t\t\t\t\t\t\t\t\t\t\t\t\t<\/div>\n\t\t\t\t<\/div>\n\t\t\t\t\t<\/div>\n\t\t<\/div>\n\t\t\t\t\t<\/div>\n\t\t<\/section>\n\t\t\t\t<\/div>\n\t\t","protected":false},"excerpt":{"rendered":"<p>Quel conte plus intemporel, f\u00e9\u00e9rique, effrayant, surr\u00e9aliste, intemporel, troublant, symbolique et essentiel,\u00a0que la Belle &amp; la B\u00eate ?\u00a0Un bijou de la litt\u00e9rature gothique fran\u00e7aise, issu de la plume de Madame de Beaumont au 18\u00e8me si\u00e8cle, repris et mis en sc\u00e8ne \u00e0 maintes reprises, incarn\u00e9 merveilleusement par le po\u00e8te et cin\u00e9aste Jean Cocteau, qui a marqu\u00e9 &hellip; <\/p>\n<p class=\"link-more\"><a href=\"https:\/\/isabelbertelotpeintre.com\/?page_id=2045\" class=\"more-link\">Read more<span class=\"screen-reader-text\"> &#8220;La Belle &#038; la B\u00eate&#8221;<\/span><\/a><\/p>\n","protected":false},"author":1,"featured_media":0,"parent":0,"menu_order":0,"comment_status":"closed","ping_status":"closed","template":"","meta":{"om_disable_all_campaigns":false,"_monsterinsights_skip_tracking":false,"_monsterinsights_sitenote_active":false,"_monsterinsights_sitenote_note":"","_monsterinsights_sitenote_category":0,"footnotes":""},"class_list":["post-2045","page","type-page","status-publish","hentry"],"aioseo_notices":[],"_links":{"self":[{"href":"https:\/\/isabelbertelotpeintre.com\/index.php?rest_route=\/wp\/v2\/pages\/2045","targetHints":{"allow":["GET"]}}],"collection":[{"href":"https:\/\/isabelbertelotpeintre.com\/index.php?rest_route=\/wp\/v2\/pages"}],"about":[{"href":"https:\/\/isabelbertelotpeintre.com\/index.php?rest_route=\/wp\/v2\/types\/page"}],"author":[{"embeddable":true,"href":"https:\/\/isabelbertelotpeintre.com\/index.php?rest_route=\/wp\/v2\/users\/1"}],"replies":[{"embeddable":true,"href":"https:\/\/isabelbertelotpeintre.com\/index.php?rest_route=%2Fwp%2Fv2%2Fcomments&post=2045"}],"version-history":[{"count":67,"href":"https:\/\/isabelbertelotpeintre.com\/index.php?rest_route=\/wp\/v2\/pages\/2045\/revisions"}],"predecessor-version":[{"id":2139,"href":"https:\/\/isabelbertelotpeintre.com\/index.php?rest_route=\/wp\/v2\/pages\/2045\/revisions\/2139"}],"wp:attachment":[{"href":"https:\/\/isabelbertelotpeintre.com\/index.php?rest_route=%2Fwp%2Fv2%2Fmedia&parent=2045"}],"curies":[{"name":"wp","href":"https:\/\/api.w.org\/{rel}","templated":true}]}}